81?
1
What is the thousands digit of 4838?
4
What is the units digit of 2840?
0
What is the tens digit of 37879?
7
What is the tens digit of 64228?
2
What is the thousands digit of 96242?
6
What is the tens digit of 376?
7
What is the units digit of 73263?
3
What is the thousands digit of 2985?
2
What is the tens digit of 1588?
8
What is the thousands digit of 1372?
1
What is the units digit of 118138?
8
What is the hundreds digit of 919?
9
What is the tens digit of 68974?
7
What is the thousands digit of 13219?
3
What is the hundreds digit of 2590?
5
What is the tens digit of 3583?
8
What is the units digit of 1417?
7
What is the thousands digit of 76034?
6
What is the thousands digit of 13387?
3
What is the thousands digit of 20131?
0
What is the units digit of 39958?
8
What is the tens digit of 1072?
7
What is the tens digit of 9815?
1
What is the units digit of 5696?
6
What is the units digit of 16409?
9
What is the hundreds digit of 651?
6
What is the units digit of 186?
6
What is the thousands digit of 107686?
7
What is the tens digit of 469?
6
What is the thousands digit of 32941?
2
What is the thousands digit of 9334?
9
What is the hundreds digit of 51644?
6
What is the tens digit of 19533?
3
What is the units digit of 69?
9
What is the units digit of 29471?
1
What is the tens digit of 3491?
9
What is the tens digit of 1090?
9
What is the units digit of 5874?
4
What is the hundreds digit of 560?
5
What is the ten thousands digit of 26486?
2
What is the hundreds digit of 2053?
0
What is the tens digit of 484?
8
What is the tens digit of 1811?
1
What is the ten thousands digit of 61516?
6
What is the ten thousands digit of 18901?
1
What is the thousands digit of 8853?
8
What is the hundreds digit of 397?
3
What is the ten thousands digit of 106211?
0
What is the hundreds digit of 2109?
1
What is the hundreds digit of 26862?
8
What is the hundreds digit of 2571?
5
What is the units digit of 1575?
5
What is the tens digit of 867?
6
What is the units digit of 946?
6
What is the tens digit of 29465?
6
What is the hundreds digit of 8834?
8
What is the units digit of 3906?
6
What is the tens digit of 29301?
0
What is the thousands digit of 3716?
3
What is the thousands digit of 5681?
5
What is the tens digit of 6237?
3
What is the units digit of 35096?
6
What is the hundreds digit of 478?
4
What is the tens digit of 20028?
2
What is the thousands digit of 5348?
5
What is the tens digit of 2088?
8
What is the units digit of 3289?
9
What is the units digit of 572?
2
What is the tens digit of 8939?
3
What is the tens digit of 731?
3
What is the hundreds digit of 787?
7
What is the units digit of 12829?
9
What is the hundreds digit of 4894?
8
What is the tens digit of 31529?
2
What is the tens digit of 5044?
4
What is the thousands digit of 1090?
1
What is the units digit of 303?
3
What is the thousands digit of 17948?
7
What is the hundreds digit of 1433?
4
What is the units digit of 41530?
0
What is the units digit of 1442?
2
What is the tens digit of 266?
6
What is the tens digit of 4364?
6
What is the thousands digit of 2260?
2
What is the units digit of 46988?
8
What is the units digit of 3779?
9
What is the hundreds digit of 1020?
0
What is the hundreds digit of 69555?
5
What is the units digit of 29410?
0
What is the hundreds digit of 908?
9
What is the units digit of 158041?
1
What is the ten thousands digit of 19924?
1
What is the thousands digit of 2433?
2
What is the ten thousands digit of 127420?
2
What is the units digit of 4347?
7
What is the hundreds digit of 44156?
1
What is the units digit of 13071?
1
What is the ten thousands digit of 35473?
3
What is the tens digit of 41633?
3
What is the thousands digit of 1080?
1
What is the units digit of 3541?
1
What is the thousands digit of 26125?
6
What is the thousands digit of 1083?
1
What is the tens digit of 227?
2
What is the units digit of 5373?
3
What is the units digit of 3735?
5
What is the ten thousands digit of 64744?
6
What is the units digit of 1547?
7
What is the hundreds digit of 1960?
9
What is the tens digit of 8253?
5
What is the units digit of 44670?
0
What is the thousands digit of 5152?
5
What is the tens digit of 1301?
0
What is the ten thousands digit of 13726?
1
What is the thousands digit of 3423?
3
What is the hundreds digit of 178079?
0
What is the hundreds digit of 94153?
1
What is the units digit of 33279?
9
What is the thousands digit of 29669?
9
What is the units digit of 28496?
6
What is the thousands digit of 21875?
1
What is the ten thousands digit of 24581?
2
What is the ten thousands digit of 33681?
3
What is the units digit of 1474?
4
What is the tens digit of 48566?
6
What is the thousands digit of 91190?
1
What is the units digit of 2063?
3
What is the units digit of 363?
3
What is the tens digit of 4601?
0
What is the units digit of 3333?
3
What is the units digit of 77?
7
What is the units digit of 3002?
2
What is the units digit of 30760?
0
What is the hundreds digit of 36580?
5
What is the thousands digit of 1038?
1
What is the tens digit of 2174?
7
What is the units digit of 87?
7
What is the tens digit of 994?
9
What is the hundreds digit of 29556?
5
What is the tens digit of 848?
4
What is the hundreds digit of 2624?
6
What is the tens digit of 1872?
7
What is the hundreds digit of 20094?
0
What is the units digit of 834?
4
What is the units digit of 2315?
5
What is the units digit of 7780?
0
What is the units digit of 147611?
1
What is the hundreds digit of 9436?
4
What is the tens digit of 1260?
6
What is the hundreds digit of 2003?
0
What is the ten thousands digit of 89073?
8
What is the units digit of 23853?
3
What is the units digit of 104463?
3
What is the hundreds digit of 571?
5
What is the tens digit of 38490?
9
What is the tens digit of 946?
4
What is the thousands digit of 10246?
0
What is the tens digit of 910?
1
What is the units digit of 436?
6
What is the units digit of 1681?
1
What is the thousands digit of 5419?
5
What is the units digit of 15830?
0
What is the ten thousands digit of 132098?
3
What is the hundreds digit of 150?
1
What is the units digit of 1171?
1
What is the tens digit of 3299?
9
What is the hundreds digit of 3631?
6
What is the hundreds digit of 144017?
0
What is the hundreds digit of 667?
6
What is the hundreds digit of 801?
8
What is the thousands digit of 2101?
2
What is the units digit of 1040?
0
What is the units digit of 910?
0
What is the thousands digit of 2435?
2
What is the units digit of 18955?
5
What is the units digit of 1870?
0
What is the thousands digit of 6547?
6
What is the tens digit of 1612?
1
What is the tens digit of 4112?
1
What is the hundreds digit of 2355?
3
What is the units digit of 135?
5
What is the hundreds digit of 2246?
2
What is the ten thousands digit of 38351?
3
What is the ten thousands digit of 35942?
3
What is the thousands digit of 2036?
2
What is the units digit of 162010?
0
What is the hundreds digit of 2124?
1
What is the units digit of 1581?
1
What is the hundreds digit of 5078?
0
What is the tens digit of 24531?
3
What is the tens digit of 10048?
4
What is the units digit of 991?
1
What is the tens digit of 6420?
2
What is the thousands digit of 15587?
5
What is the units digit of 9384?
4
What is the tens digit of 46681?
8
What is the thousands digit of 5408?
5
What is the thousands digit of 50210?
0
What is the hundreds digit of 13592?
5
What is the hundreds digit of 2621?
6
What is the hundreds digit of 577?
5
What is the hundreds digit of 3630?
6
What is the tens digit of 5795?
9
What is the hundreds digit of 3930?
9
What is the tens digit of 226?
2
What is the thousands digit of 4754?
4
What is the ten thousands digit of 39315?
3
What is the units digit of 448?
8
What is the thousands digit of 23376?
3
What is the units digit of 3834?
4
What is the hundreds digit of 28561?
5
What is the tens digit of 4086?
8
What is the thousands digit of 6222?
6
What is the units digit of 51624?
4
What is the tens digit of 33673?
7
What is the units digit of 993?
3
What is the hundreds digit of 1693?
6
What is the tens digit of 15835?
3
What is the tens digit of 1926?
2
What is the hundreds digit of 2986?
9
What is the units digit of 38800?
0
What is the thousands digit